{"id":334,"date":"2017-11-08T11:05:32","date_gmt":"2017-11-08T10:05:32","guid":{"rendered":"http:\/\/213.192.95.82\/targi\/?page_id=334"},"modified":"2017-11-09T10:40:35","modified_gmt":"2017-11-09T09:40:35","slug":"edycja-2011","status":"publish","type":"page","link":"http:\/\/targiseniora.pl\/?page_id=334","title":{"rendered":"Edycja 2011"},"content":{"rendered":"<figure id=\"attachment_392\" aria-describedby=\"caption-attachment-392\" style=\"width: 150px\" class=\"wp-caption alignleft\"><a href=\"http:\/\/targiseniora.pl\/wp-content\/uploads\/2017\/11\/tm2011_01.jpg\"><img loading=\"lazy\" decoding=\"async\" class=\"size-thumbnail wp-image-392\" src=\"http:\/\/targiseniora.pl\/wp-content\/uploads\/2017\/11\/tm2011_01-150x150.jpg\" alt=\"\" width=\"150\" height=\"150\" \/><\/a><figcaption id=\"caption-attachment-392\" class=\"wp-caption-text\">\u015awiat przyjazny seniorom, Twoja Gazeta, 23.11.2011<\/figcaption><\/figure>\n<figure id=\"attachment_403\" aria-describedby=\"caption-attachment-403\" style=\"width: 150px\" class=\"wp-caption alignleft\"><a href=\"http:\/\/targiseniora.pl\/wp-content\/uploads\/2017\/11\/tm2011_12.jpg\"><img loading=\"lazy\" decoding=\"async\" class=\"size-thumbnail wp-image-403\" src=\"http:\/\/targiseniora.pl\/wp-content\/uploads\/2017\/11\/tm2011_12-150x150.jpg\" alt=\"\" width=\"150\" height=\"150\" \/><\/a><figcaption id=\"caption-attachment-403\" class=\"wp-caption-text\">Z wizyt\u0105 na Sopockich Targach Seniora, trabkiw.ug.gov.pl, 15.11.2011<\/figcaption><\/figure>\n<figure id=\"attachment_406\" aria-describedby=\"caption-attachment-406\" style=\"width: 150px\" class=\"wp-caption alignleft\"><a href=\"http:\/\/targiseniora.pl\/wp-content\/uploads\/2017\/11\/tm2011_15.jpg\"><img loading=\"lazy\" decoding=\"async\" class=\"size-thumbnail wp-image-406\" src=\"http:\/\/targiseniora.pl\/wp-content\/uploads\/2017\/11\/tm2011_15-150x150.jpg\" alt=\"\" width=\"150\" height=\"150\" \/><\/a><figcaption id=\"caption-attachment-406\" class=\"wp-caption-text\">\u015awiat przyjazny seniorom, artyku\u0142 na portalu www.ops.pl, 13.11.2011<\/figcaption><\/figure>\n<p>&nbsp;<\/p>\n<p>&nbsp;<\/p>\n<p>&nbsp;<\/p>\n<p>&nbsp;<\/p>\n<p>&nbsp;<\/p>\n<p>&nbsp;<\/p>\n<p>&nbsp;<\/p>\n<figure id=\"attachment_407\" aria-describedby=\"caption-attachment-407\" style=\"width: 150px\" class=\"wp-caption alignleft\"><a href=\"http:\/\/targiseniora.pl\/wp-content\/uploads\/2017\/11\/tm2011_16.jpg\"><img loading=\"lazy\" decoding=\"async\" class=\"size-thumbnail wp-image-407\" src=\"http:\/\/targiseniora.pl\/wp-content\/uploads\/2017\/11\/tm2011_16-150x150.jpg\" alt=\"\" width=\"150\" height=\"150\" \/><\/a><figcaption id=\"caption-attachment-407\" class=\"wp-caption-text\">Sukces targ\u00f3w dla senior\u00f3w, Dziennik Ba\u0142tycki, 7.11.2011<\/figcaption><\/figure>\n<figure id=\"attachment_408\" aria-describedby=\"caption-attachment-408\" style=\"width: 150px\" class=\"wp-caption alignleft\"><a href=\"http:\/\/targiseniora.pl\/wp-content\/uploads\/2017\/11\/tm2011_17.jpg\"><img loading=\"lazy\" decoding=\"async\" class=\"size-thumbnail wp-image-408\" src=\"http:\/\/targiseniora.pl\/wp-content\/uploads\/2017\/11\/tm2011_17-150x150.jpg\" alt=\"\" width=\"150\" height=\"150\" \/><\/a><figcaption id=\"caption-attachment-408\" class=\"wp-caption-text\">&#8222;Nasi&#8221; na seniorskich targach w Sopocie, Kartuzy Infom 7.11.2011<\/figcaption><\/figure>\n<figure id=\"attachment_409\" aria-describedby=\"caption-attachment-409\" style=\"width: 150px\" class=\"wp-caption alignleft\"><a href=\"http:\/\/targiseniora.pl\/wp-content\/uploads\/2017\/11\/tm2011_18.jpg\"><img loading=\"lazy\" decoding=\"async\" class=\"size-thumbnail wp-image-409\" src=\"http:\/\/targiseniora.pl\/wp-content\/uploads\/2017\/11\/tm2011_18-150x150.jpg\" alt=\"\" width=\"150\" height=\"150\" \/><\/a><figcaption id=\"caption-attachment-409\" class=\"wp-caption-text\">Targi Seniora ju\u017c w t\u0119 sobot\u0119. Dziennik Ba\u0142tycki, 4.11.2011<\/figcaption><\/figure>\n<p>&nbsp;<\/p>\n<p>&nbsp;<\/p>\n<p>&nbsp;<\/p>\n<p>&nbsp;<\/p>\n<p>&nbsp;<\/p>\n<p>&nbsp;<\/p>\n<p>&nbsp;<\/p>\n<figure id=\"attachment_393\" aria-describedby=\"caption-attachment-393\" style=\"width: 150px\" class=\"wp-caption alignleft\"><a href=\"http:\/\/targiseniora.pl\/wp-content\/uploads\/2017\/11\/tm2011_02.jpg\"><img loading=\"lazy\" decoding=\"async\" class=\"size-thumbnail wp-image-393\" src=\"http:\/\/targiseniora.pl\/wp-content\/uploads\/2017\/11\/tm2011_02-150x150.jpg\" alt=\"\" width=\"150\" height=\"150\" \/><\/a><figcaption id=\"caption-attachment-393\" class=\"wp-caption-text\">Przepis na dobre \u017cycie dla seniora, gazeta Dziennik Ba\u0142tycki, 3.11.2011<\/figcaption><\/figure>\n<figure id=\"attachment_411\" aria-describedby=\"caption-attachment-411\" style=\"width: 150px\" class=\"wp-caption alignleft\"><a href=\"http:\/\/targiseniora.pl\/wp-content\/uploads\/2017\/11\/tm2011_20.jpg\"><img loading=\"lazy\" decoding=\"async\" class=\"size-thumbnail wp-image-411\" src=\"http:\/\/targiseniora.pl\/wp-content\/uploads\/2017\/11\/tm2011_20-150x150.jpg\" alt=\"\" width=\"150\" height=\"150\" \/><\/a><figcaption id=\"caption-attachment-411\" class=\"wp-caption-text\">Czy wiesz, \u017ce jest urz\u0105dzenie do zak\u0142adania skarpetek? Dziennik Ba\u0142tycki, 4.11.2011<\/figcaption><\/figure>\n<figure id=\"attachment_397\" aria-describedby=\"caption-attachment-397\" style=\"width: 150px\" class=\"wp-caption alignleft\"><a href=\"http:\/\/targiseniora.pl\/wp-content\/uploads\/2017\/11\/tm2011_06.jpg\"><img loading=\"lazy\" decoding=\"async\" class=\"size-thumbnail wp-image-397\" src=\"http:\/\/targiseniora.pl\/wp-content\/uploads\/2017\/11\/tm2011_06-150x150.jpg\" alt=\"\" width=\"150\" height=\"150\" \/><\/a><figcaption id=\"caption-attachment-397\" class=\"wp-caption-text\">Sopockie Targi Seniora Jedyne takie targi ma Pomorzu, portal cenylekow.com<\/figcaption><\/figure>\n<p>&nbsp;<\/p>\n<p>&nbsp;<\/p>\n<p>&nbsp;<\/p>\n<p>&nbsp;<\/p>\n<p>&nbsp;<\/p>\n<p>&nbsp;<\/p>\n<p>&nbsp;<\/p>\n<p>&nbsp;<\/p>\n<figure id=\"attachment_410\" aria-describedby=\"caption-attachment-410\" style=\"width: 150px\" class=\"wp-caption alignleft\"><a href=\"http:\/\/targiseniora.pl\/wp-content\/uploads\/2017\/11\/tm2011_19.jpg\"><img loading=\"lazy\" decoding=\"async\" class=\"size-thumbnail wp-image-410\" src=\"http:\/\/targiseniora.pl\/wp-content\/uploads\/2017\/11\/tm2011_19-150x150.jpg\" alt=\"\" width=\"150\" height=\"150\" \/><\/a><figcaption id=\"caption-attachment-410\" class=\"wp-caption-text\">Tr\u00f3jmiejskie Targi dla senior\u00f3w, gwe24.pl, 4.11.2011<\/figcaption><\/figure>\n<figure id=\"attachment_394\" aria-describedby=\"caption-attachment-394\" style=\"width: 150px\" class=\"wp-caption alignleft\"><a href=\"http:\/\/targiseniora.pl\/wp-content\/uploads\/2017\/11\/tm2011_03.jpg\"><img loading=\"lazy\" decoding=\"async\" class=\"size-thumbnail wp-image-394\" src=\"http:\/\/targiseniora.pl\/wp-content\/uploads\/2017\/11\/tm2011_03-150x150.jpg\" alt=\"\" width=\"150\" height=\"150\" \/><\/a><figcaption id=\"caption-attachment-394\" class=\"wp-caption-text\">Targi Seniora ju\u017c w sobot\u0119, Dziennik Ba\u0142tycki, 2.11.2011<\/figcaption><\/figure>\n<figure id=\"attachment_401\" aria-describedby=\"caption-attachment-401\" style=\"width: 150px\" class=\"wp-caption alignleft\"><a href=\"http:\/\/targiseniora.pl\/wp-content\/uploads\/2017\/11\/tm2011_10.jpg\"><img loading=\"lazy\" decoding=\"async\" class=\"size-thumbnail wp-image-401\" src=\"http:\/\/targiseniora.pl\/wp-content\/uploads\/2017\/11\/tm2011_10-150x150.jpg\" alt=\"\" width=\"150\" height=\"150\" \/><\/a><figcaption id=\"caption-attachment-401\" class=\"wp-caption-text\">Poka\u017c si\u0119 na Sopockich Targach Seniora, Express Gdy\u0144ski, 10.08.2011<\/figcaption><\/figure>\n<p>&nbsp;<\/p>\n<p>&nbsp;<\/p>\n<p>&nbsp;<\/p>\n<p>&nbsp;<\/p>\n<p>&nbsp;<\/p>\n<p>&nbsp;<\/p>\n<p>&nbsp;<\/p>\n<figure id=\"attachment_396\" aria-describedby=\"caption-attachment-396\" style=\"width: 150px\" class=\"wp-caption alignleft\"><a href=\"http:\/\/targiseniora.pl\/wp-content\/uploads\/2017\/11\/tm2011_05.jpg\"><img loading=\"lazy\" decoding=\"async\" class=\"size-thumbnail wp-image-396\" src=\"http:\/\/targiseniora.pl\/wp-content\/uploads\/2017\/11\/tm2011_05-150x150.jpg\" alt=\"\" width=\"150\" height=\"150\" \/><\/a><figcaption id=\"caption-attachment-396\" class=\"wp-caption-text\">Brafiterka pomo\u017ce paniom, Go\u015b\u0107 Niedzielny, 23.10.2011<\/figcaption><\/figure>\n<figure id=\"attachment_412\" aria-describedby=\"caption-attachment-412\" style=\"width: 150px\" class=\"wp-caption alignleft\"><a href=\"http:\/\/targiseniora.pl\/wp-content\/uploads\/2017\/11\/tm2011_21.jpg\"><img loading=\"lazy\" decoding=\"async\" class=\"size-thumbnail wp-image-412\" src=\"http:\/\/targiseniora.pl\/wp-content\/uploads\/2017\/11\/tm2011_21-150x150.jpg\" alt=\"\" width=\"150\" height=\"150\" \/><\/a><figcaption id=\"caption-attachment-412\" class=\"wp-caption-text\">Przepis na lepsze \u017cycie, gazeta Echo Miasta, 3.11.2011<\/figcaption><\/figure>\n<figure id=\"attachment_398\" aria-describedby=\"caption-attachment-398\" style=\"width: 150px\" class=\"wp-caption alignleft\"><a href=\"http:\/\/targiseniora.pl\/wp-content\/uploads\/2017\/11\/tm2011_07.jpg\"><img loading=\"lazy\" decoding=\"async\" class=\"size-thumbnail wp-image-398\" src=\"http:\/\/targiseniora.pl\/wp-content\/uploads\/2017\/11\/tm2011_07-150x150.jpg\" alt=\"\" width=\"150\" height=\"150\" \/><\/a><figcaption id=\"caption-attachment-398\" class=\"wp-caption-text\">Targi dla senior\u00f3w, Dziennik Ba\u0142tycki, 19.10.2011<\/figcaption><\/figure>\n<p>&nbsp;<\/p>\n<p>&nbsp;<\/p>\n<p>&nbsp;<\/p>\n<p>&nbsp;<\/p>\n<p>&nbsp;<\/p>\n<p>&nbsp;<\/p>\n<p>&nbsp;<\/p>\n<figure id=\"attachment_399\" aria-describedby=\"caption-attachment-399\" style=\"width: 150px\" class=\"wp-caption alignleft\"><a href=\"http:\/\/targiseniora.pl\/wp-content\/uploads\/2017\/11\/tm2011_08.jpg\"><img loading=\"lazy\" decoding=\"async\" class=\"size-thumbnail wp-image-399\" src=\"http:\/\/targiseniora.pl\/wp-content\/uploads\/2017\/11\/tm2011_08-150x150.jpg\" alt=\"\" width=\"150\" height=\"150\" \/><\/a><figcaption id=\"caption-attachment-399\" class=\"wp-caption-text\">Targi Seniora coraz bli\u017cej, Polska Dziennik Ba\u0142tycki, 31.08.2011<\/figcaption><\/figure>\n<figure id=\"attachment_400\" aria-describedby=\"caption-attachment-400\" style=\"width: 150px\" class=\"wp-caption alignleft\"><a href=\"http:\/\/targiseniora.pl\/wp-content\/uploads\/2017\/11\/tm2011_09.jpg\"><img loading=\"lazy\" decoding=\"async\" class=\"size-thumbnail wp-image-400\" src=\"http:\/\/targiseniora.pl\/wp-content\/uploads\/2017\/11\/tm2011_09-150x150.jpg\" alt=\"\" width=\"150\" height=\"150\" \/><\/a><figcaption id=\"caption-attachment-400\" class=\"wp-caption-text\">Przyjazne us\u0142ugi i towary, Twoja Gazeta, wrzesie\u0144 2011<\/figcaption><\/figure>\n<figure id=\"attachment_395\" aria-describedby=\"caption-attachment-395\" style=\"width: 150px\" class=\"wp-caption alignleft\"><a href=\"http:\/\/targiseniora.pl\/wp-content\/uploads\/2017\/11\/tm2011_04.jpg\"><img loading=\"lazy\" decoding=\"async\" class=\"size-thumbnail wp-image-395\" src=\"http:\/\/targiseniora.pl\/wp-content\/uploads\/2017\/11\/tm2011_04-150x150.jpg\" alt=\"\" width=\"150\" height=\"150\" \/><\/a><figcaption id=\"caption-attachment-395\" class=\"wp-caption-text\">Dialog mi\u0119dzy pokoleniami, Twoja Gazeta, pa\u017adziernik 2011<\/figcaption><\/figure>\n<p>&nbsp;<\/p>\n<p>&nbsp;<\/p>\n<p>&nbsp;<\/p>\n<p>&nbsp;<\/p>\n<p>&nbsp;<\/p>\n<p>&nbsp;<\/p>\n<p>&nbsp;<\/p>\n<figure id=\"attachment_402\" aria-describedby=\"caption-attachment-402\" style=\"width: 150px\" class=\"wp-caption alignleft\"><a href=\"http:\/\/targiseniora.pl\/wp-content\/uploads\/2017\/11\/tm2011_11.jpg\"><img loading=\"lazy\" decoding=\"async\" class=\"size-thumbnail wp-image-402\" src=\"http:\/\/targiseniora.pl\/wp-content\/uploads\/2017\/11\/tm2011_11-150x150.jpg\" alt=\"\" width=\"150\" height=\"150\" \/><\/a><figcaption id=\"caption-attachment-402\" class=\"wp-caption-text\">Seniorskie targi w Sopocie, senior.pl, 9.08.2011<\/figcaption><\/figure>\n<figure id=\"attachment_404\" aria-describedby=\"caption-attachment-404\" style=\"width: 150px\" class=\"wp-caption alignleft\"><a href=\"http:\/\/targiseniora.pl\/wp-content\/uploads\/2017\/11\/tm2011_13.jpg\"><img loading=\"lazy\" decoding=\"async\" class=\"size-thumbnail wp-image-404\" src=\"http:\/\/targiseniora.pl\/wp-content\/uploads\/2017\/11\/tm2011_13-150x150.jpg\" alt=\"\" width=\"150\" height=\"150\" \/><\/a><figcaption id=\"caption-attachment-404\" class=\"wp-caption-text\">II Sopockie Targi Seniora, portalpomorza.pl, 9.08.2011<\/figcaption><\/figure>\n<figure id=\"attachment_405\" aria-describedby=\"caption-attachment-405\" style=\"width: 150px\" class=\"wp-caption alignleft\"><a href=\"http:\/\/targiseniora.pl\/wp-content\/uploads\/2017\/11\/tm2011_14.jpg\"><img loading=\"lazy\" decoding=\"async\" class=\"size-thumbnail wp-image-405\" src=\"http:\/\/targiseniora.pl\/wp-content\/uploads\/2017\/11\/tm2011_14-150x150.jpg\" alt=\"\" width=\"150\" height=\"150\" \/><\/a><figcaption id=\"caption-attachment-405\" class=\"wp-caption-text\">Szykuj\u0105 si\u0119 na Targi, Dziennik Ba\u0142tycki, 29.07.2011<\/figcaption><\/figure>\n<p>&nbsp;<\/p>\n","protected":false},"excerpt":{"rendered":"<p>&nbsp; &nbsp; &nbsp; &nbsp; &nbsp; &nbsp; &nbsp; &nbsp; &nbsp; &nbsp; &nbsp; &nbsp; &nbsp; &nbsp; &nbsp; &nbsp; &nbsp; &nbsp; &nbsp; &nbsp; &nbsp; &nbsp; &nbsp; &nbsp; &nbsp; &nbsp; &nbsp; &nbsp; &nbsp; &nbsp; &nbsp; &nbsp; &nbsp; &nbsp; &nbsp; &nbsp; &nbsp; &nbsp; &nbsp; &nbsp; &nbsp; &nbsp; &nbsp; &nbsp;<\/p>\n","protected":false},"author":1,"featured_media":0,"parent":121,"menu_order":0,"comment_status":"closed","ping_status":"closed","template":"","meta":{"footnotes":""},"class_list":["post-334","page","type-page","status-publish","hentry"],"_links":{"self":[{"href":"http:\/\/targiseniora.pl\/index.php?rest_route=\/wp\/v2\/pages\/334","targetHints":{"allow":["GET"]}}],"collection":[{"href":"http:\/\/targiseniora.pl\/index.php?rest_route=\/wp\/v2\/pages"}],"about":[{"href":"http:\/\/targiseniora.pl\/index.php?rest_route=\/wp\/v2\/types\/page"}],"author":[{"embeddable":true,"href":"http:\/\/targiseniora.pl\/index.php?rest_route=\/wp\/v2\/users\/1"}],"replies":[{"embeddable":true,"href":"http:\/\/targiseniora.pl\/index.php?rest_route=%2Fwp%2Fv2%2Fcomments&post=334"}],"version-history":[{"count":4,"href":"http:\/\/targiseniora.pl\/index.php?rest_route=\/wp\/v2\/pages\/334\/revisions"}],"predecessor-version":[{"id":415,"href":"http:\/\/targiseniora.pl\/index.php?rest_route=\/wp\/v2\/pages\/334\/revisions\/415"}],"up":[{"embeddable":true,"href":"http:\/\/targiseniora.pl\/index.php?rest_route=\/wp\/v2\/pages\/121"}],"wp:attachment":[{"href":"http:\/\/targiseniora.pl\/index.php?rest_route=%2Fwp%2Fv2%2Fmedia&parent=334"}],"curies":[{"name":"wp","href":"https:\/\/api.w.org\/{rel}","templated":true}]}}